lculate the greatest common divisor of 308 and 10216899.
77
Calculate the greatest common factor of 879516 and 60.
12
What is the greatest common divisor of 96 and 16224720?
48
Calculate the greatest common factor of 13389414 and 6365.
1273
What is the highest common divisor of 1568180 and 620?
20
Calculate the greatest common factor of 12977636 and 14.
14
What is the greatest common factor of 69 and 1440812?
23
Calculate the highest common factor of 19372 and 668972.
116
What is the highest common factor of 32877619 and 87?
29
Calculate the greatest common factor of 37380200 and 2574.
286
Calculate the greatest common divisor of 30 and 806697980.
10
What is the highest common divisor of 2220235968 and 192?
192
Calculate the greatest common divisor of 145783 and 13079.
319
Calculate the greatest common divisor of 42620 and 131789564.
8524
What is the greatest common divisor of 63191221 and 515?
103
Calculate the highest common factor of 55 and 158691423.
11
Calculate the highest common factor of 85 and 49855730.
85
What is the highest common divisor of 3840 and 11701320?
120
Calculate the highest common divisor of 396 and 38096542.
22
What is the highest common factor of 43787716 and 268?
268
What is the highest common divisor of 23227050 and 770?
770
Calculate the highest common divisor of 1412770 and 1110.
10
What is the greatest common factor of 71 and 37448311?
71
Calculate the highest common divisor of 42158 and 4469930.
394
Calculate the highest common divisor of 241400 and 3640.
40
What is the greatest common divisor of 18335 and 9212855?
965
What is the highest common divisor of 934754 and 53098?
382
What is the greatest common factor of 1827795 and 1065?
15
What is the highest common factor of 6918 and 582?
6
Calculate the greatest common divisor of 17780 and 1630.
10
What is the highest common factor of 22356 and 288504?
36
Calculate the greatest common divisor of 5292 and 5908.
28
What is the highest common divisor of 80 and 819614480?
80
What is the greatest common divisor of 150 and 9261530?
10
What is the greatest common factor of 133 and 32531135?
133
Calculate the highest common factor of 644174584 and 24.
8
Calculate the greatest common factor of 1253250 and 16200.
450
Calculate the greatest common factor of 1548 and 88418922.
258
What is the highest common divisor of 261 and 6459054?
87
What is the highest common divisor of 156 and 3472950?
78
Calculate the greatest common divisor of 73338 and 11798.
34
Calculate the greatest common divisor of 31949562 and 289.
17
Calculate the greatest common divisor of 76395 and 2651.
11
Calculate the highest common divisor of 72812 and 1108.
4
What is the greatest common factor of 377960 and 209?
11
What is the greatest common factor of 18638676 and 11655?
2331
Calculate the greatest common divisor of 12 and 99805188.
12
Calculate the highest common divisor of 87472 and 196284.
44
What is the highest common factor of 26236801 and 2?
1
What is the highest common divisor of 3152 and 53303472?
3152
Calculate the highest common factor of 1024 and 4224128.
128
What is the greatest common factor of 105615 and 1033740?
45
What is the highest common divisor of 3424 and 45176?
8
Calculate the highest common factor of 4311103 and 83.
83
Calculate the greatest common factor of 3312756 and 1972.
68
What is the highest common divisor of 164027 and 29184?
19
What is the highest common factor of 4600 and 439944?
184
Calculate the greatest common factor of 9345204 and 297.
99
What is the greatest common divisor of 22 and 19035379?
11
What is the highest common factor of 2299 and 3171157?
209
What is the greatest common factor of 31680 and 121?
11
What is the greatest common divisor of 1767031 and 1666?
119
What is the highest common divisor of 80 and 275694576?
16
Calculate the greatest common divisor of 16736 and 9684914.
1046
What is the greatest common factor of 1641416 and 5600?
56
Calculate the greatest common factor of 2582346 and 312.
78
What is the highest common divisor of 693736 and 680?
136
Calculate the greatest common factor of 8836850 and 8800.
550
Calculate the greatest common divisor of 28588 and 1706091.
1021
Calculate the highest common divisor of 16973 and 594.
11
Calculate the greatest common divisor of 380 and 355430.
10
What is the greatest common factor of 175119 and 385746?
807
What is the highest common factor of 1694 and 671167882?
1694
Calculate the greatest common divisor of 46795 and 587325.
955
What is the highest common divisor of 14259 and 655041?
291
What is the greatest common factor of 477710 and 198090?
310
Calculate the greatest common divisor of 2068081 and 492.
41
What is the greatest common factor of 143 and 335550631?
13
What is the greatest common factor of 365586 and 3250?
26
Calculate the highest common divisor of 248973148 and 1184.
148
Calculate the greatest common factor of 32467216 and 4.
4
What is the highest common factor of 573 and 1968637?
191
What is the highest common divisor of 2400097 and 49?
7
What is the highest common factor of 680 and 98901750?
170
Calculate the greatest common divisor of 1161337 and 2166.
361
Calculate the highest common factor of 579846 and 192079.
401
Calculate the greatest common factor of 731032 and 89930.
46
Calculate the greatest common divisor of 5649885 and 1215.
135
What is the highest common factor of 104907 and 13714019?
2057
What is the greatest common factor of 13 and 2307248047?
13
Calculate the greatest common divisor of 29018878 and 74.
74
What is the greatest common factor of 1440066935 and 3805?
3805
What is the highest common divisor of 7863369 and 981?
327
Calculate the greatest common factor of 4554 and 1012365.
9
What is the greatest common divisor of 561 and 3195720?
33
What is the greatest common divisor of 25160 and 9180?
340
What is the highest common factor of 39859608 and 90060?
948
What is the greatest common factor of 200496 and 3768?
24
Calculate the greatest common factor of 4404767 and 934635.
4793
What is the highest common factor of 1296 and 10197252?
324
What is the greatest common factor of 4614576 and 1272?
24
What is the greatest common divisor of 388 and 1518826?
194
Calculate the highest common factor of 300 and 1150620.
60
Calculate the highest common divisor of 29006886 and 330738.
1662
Calculate the greatest common divisor of 11742 and 1324471.
19
What is the greatest common factor of 31133370 and 90?
30
Calculate the greatest common factor of 144 and 28465296.
48
Calculate the highest common divisor of 9465 and 5766255.
15
What is the highest common divisor of 5533 and 212586?
11
What is the greatest common factor of 33396 and 88312092?
1452
What is the highest common factor of 12848 and 1129392?
176
Calculate the greatest common factor of 11570 and 8689395.
65
Calculate the greatest common factor of 89232 and 6096.
48
Calculate the greatest common factor of 19271521 and 332.
83
Calculate the greatest common divisor of 12174252 and 504.
12
Calculate the highest common divisor of 79160 and 112165762.
3958
Calculate the highest common factor of 224 and 435253.
7
Calculate the greatest common factor of 37315 and 71740.
85
What is the highest common factor of 1068 and 207804854?
178
Calculate the greatest common divisor of 109655595 and 9.
9
Calculate the highest common divisor of 1208891 and 16159019.
5279
What is the greatest common divisor of 126 and 993078?
18
Calculate the greatest common factor of 756 and 21950514.
54
What is the highest common factor of 518 and 102564?
518
What is the greatest common divisor of 44905 and 231682857?
8981
What is the greatest common divisor of 365526410 and 15715?
2245
Calculate the greatest common factor of 2722187 and 245037.
1339
What is the greatest common divisor of 108177312 and 2592?
96
What is the highest common factor of 5055108 and 16764?
1524
What is the highest common factor of 72 and 9010968?
24
Calculate the highest common factor of 2115 and 27000.
45
Calculate the greatest common divisor of 1144 and 25294984.
1144
What is the greatest common divisor of 2200 and 61732?
44
What is the greatest common divisor of 28576 and 1210720?
1504
Calculate the greatest common divisor of 6473170 and 7040.
110
What is the greatest common factor o